{"id":5516,"date":"2019-08-01T01:27:07","date_gmt":"2019-08-01T01:27:07","guid":{"rendered":"https:\/\/yuma.heartsbeinghealed.org\/yuma\/?page_id=5516"},"modified":"2026-02-11T00:35:19","modified_gmt":"2026-02-11T00:35:19","slug":"speakers-schedule","status":"publish","type":"page","link":"https:\/\/yuma.heartsbeinghealed.org\/yuma\/speakers-schedule\/","title":{"rendered":"Speakers, Schedule &#038; Registration"},"content":{"rendered":"<div class=\"wpb-content-wrapper\">[vc_row css=&#8221;.vc_custom_1565210691171{padding-bottom: 30px !important;}&#8221;][vc_column][vc_row_inner][vc_column_inner css=&#8221;.vc_custom_1733235640003{background-color: #8224E3 !important;}&#8221;][vc_custom_heading text=&#8221;Venue:<br \/>\nReal Life Church 1545 S Ave. C, Yuma, Az 85364&#8243; font_container=&#8221;tag:h2|text_align:center|color:%23FFFFFF&#8221; css=&#8221;&#8221;][\/vc_column_inner][\/vc_row_inner][vc_custom_heading text=&#8221;NOTICE TO ATTENDEES:&#8221; font_container=&#8221;tag:h2|font_size:30px|text_align:center|color:%23000000&#8243; google_fonts=&#8221;font_family:Open%20Sans%3A300%2C300italic%2Cregular%2Citalic%2C600%2C600italic%2C700%2C700italic%2C800%2C800italic|font_style:600%20bold%20italic%3A600%3Aitalic&#8221; css_animation=&#8221;bounceIn&#8221; css=&#8221;&#8221;][vc_custom_heading text=&#8221;If you have special dietary needs please bring what you need.&#8221; font_container=&#8221;tag:h2|font_size:30px|text_align:center&#8221; google_fonts=&#8221;font_family:Open%20Sans%3A300%2C300italic%2Cregular%2Citalic%2C600%2C600italic%2C700%2C700italic%2C800%2C800italic|font_style:400%20regular%3A400%3Anormal&#8221; css=&#8221;&#8221;][vc_zigzag color=&#8221;purple&#8221; el_border_width=&#8221;8&#8243;][\/vc_column][\/vc_row][vc_row][vc_column][vc_custom_heading text=&#8221;8am \u2013 9am: <strong>Check in<\/strong>&#8221; font_container=&#8221;tag:h4|text_align:left&#8221; google_fonts=&#8221;font_family:Oswald%3A300%2Cregular%2C700|font_style:400%20regular%3A400%3Anormal&#8221; css=&#8221;.vc_custom_1564766152644{padding-bottom: 20px !important;}&#8221;][vc_custom_heading text=&#8221;9am \u2013 10am: <strong>Worship \/ Opening Session<\/strong>&#8221; font_container=&#8221;tag:h4|text_align:left&#8221; google_fonts=&#8221;font_family:Oswald%3A300%2Cregular%2C700|font_style:400%20regular%3A400%3Anormal&#8221; css=&#8221;.vc_custom_1564766185291{padding-bottom: 20px !important;}&#8221;][vc_custom_heading text=&#8221;10.15am \u2013 11.15am: <strong>1st Session<\/strong>&#8221; font_container=&#8221;tag:h4|text_align:left&#8221; google_fonts=&#8221;font_family:Oswald%3A300%2Cregular%2C700|font_style:400%20regular%3A400%3Anormal&#8221; css=&#8221;.vc_custom_1564766204763{padding-bottom: 20px !important;}&#8221;][vc_row_inner][vc_column_inner][vc_custom_heading text=&#8221;Thanks to our 2026 1st Session Speakers&#8221; font_container=&#8221;tag:h2|font_size:25px|text_align:center|color:%238224e3&#8243; google_fonts=&#8221;font_family:Open%20Sans%3A300%2C300italic%2Cregular%2Citalic%2C600%2C600italic%2C700%2C700italic%2C800%2C800italic|font_style:400%20regular%3A400%3Anormal&#8221; css=&#8221;&#8221;][\/vc_column_inner][\/vc_row_inner][\/vc_column][\/vc_row][vc_row equal_height=&#8221;yes&#8221;][vc_column width=&#8221;1\/3&#8243; css=&#8221;.vc_custom_1586131178447{padding-top: 10px !important;padding-right: 10px !important;padding-bottom: 10px !important;padding-left: 10px !important;background-color: #ffffff !important;}&#8221;][vc_single_image image=&#8221;6481&#8243; img_size=&#8221;full&#8221; css=&#8221;&#8221;][vc_custom_heading text=&#8221;Maria Swearingin&#8221; font_container=&#8221;tag:h3|text_align:center&#8221; css=&#8221;&#8221;][vc_custom_heading text=&#8221;\u00bfHay un prop\u00f3sito para m\u00ed en esta vida?<br \/>\n(Suicidio)&#8221; font_container=&#8221;tag:p|text_align:center&#8221; css=&#8221;&#8221;][vc_custom_heading text=&#8221;S\u00e9 lo que se siente estar destrozado. Sentirse indigno, no amado y a punto de rendirse. He luchado contra la depresi\u00f3n. He enfrentado pensamientos suicidas. Una vez cre\u00ed que mi familia estar\u00eda mejor sin m\u00ed. Pero Dios ten\u00eda otros planes. En mi peor momento, me susurr\u00f3: \u00abTu hija te necesita\u00bb. Esa voz me salv\u00f3. Dios transform\u00f3 mis cenizas en belleza. Me mostr\u00f3 que mi vida no era un error, sino que ten\u00eda un prop\u00f3sito. A\u00f1os despu\u00e9s, cuando mis propios hijos enfrentaron la misma oscuridad, entend\u00ed por qu\u00e9 no permiti\u00f3 que el enemigo me destruyera. Me llam\u00f3 para guiarlos hacia la libertad, y ahora, para compartir esperanza contigo. No est\u00e1s solo. Eres amado.<br \/>\nEres digno. El poder de Dios puede romper cadenas, sanar corazones y darte una vida que valga la pena vivir. Caminemos juntos. Levant\u00e9monos juntos. Y descubramos la belleza, la fuerza y el prop\u00f3sito que solo se encuentran en \u00c9l.&#8221; font_container=&#8221;tag:p|text_align:left&#8221; css=&#8221;.vc_custom_1763312111716{padding-right: 20px !important;padding-left: 20px !important;}&#8221;][\/vc_column][vc_column width=&#8221;1\/3&#8243; css=&#8221;.vc_custom_1586131239804{margin-right: 10px !important;margin-left: 10px !important;padding-top: 10px !important;padding-right: 10px !important;padding-bottom: 10px !important;padding-left: 10px !important;background-color: #ffffff !important;}&#8221;][vc_single_image image=&#8221;6484&#8243; img_size=&#8221;full&#8221; css=&#8221;&#8221;][vc_custom_heading text=&#8221;Donna Rico&#8221; font_container=&#8221;tag:h3|text_align:center&#8221; css=&#8221;&#8221;][vc_custom_heading text=&#8221;Pain with Purpose<br \/>\n(Rejection)&#8221; font_container=&#8221;tag:p|text_align:center&#8221; css=&#8221;&#8221;][vc_custom_heading text=&#8221;Jesus is the prime example of suffering for a purpose. I\u2019m no hero, I&#8217;m no one &#8211; but my pain had purpose. God had a plan for me even when I didn\u2019t see it. Being invisible most of my life was both a blessing and what felt like a curse. From lowered self-value to alcoholism, rape, depression, and suicidal tendencies to being fully surrendered to God, preaching God\u2019s goodness with such a freedom and joy and forgiveness. Nothing more freeing than seeking the Kingdom of Heaven and His righteousness! Staying true to God&#8217;s words and the direction of the Holy Spirit kept me going, kept me alive, and kept my heart soft! Submitting to God doesn&#8217;t always mean everything will be perfect or nice or go your way. Sometimes we need to go through the valleys and enter the fire &#8211; trusting that He goes with us. Being under God&#8217;s covering does not mean we won&#8217;t have pain &#8211; but it always has purpose even if we can&#8217;t see it during our darkest hours.&#8221; font_container=&#8221;tag:p|text_align:left&#8221; css=&#8221;.vc_custom_1763312305450{padding-right: 20px !important;padding-left: 20px !important;}&#8221;][\/vc_column][vc_column width=&#8221;1\/3&#8243; css=&#8221;.vc_custom_1586131228392{margin-left: 20px !important;padding-top: 10px !important;padding-right: 10px !important;padding-bottom: 10px !important;padding-left: 10px !important;background-color: #ffffff !important;}&#8221;][vc_single_image image=&#8221;6486&#8243; img_size=&#8221;full&#8221; css=&#8221;&#8221;][vc_custom_heading text=&#8221;LeAnn White&#8221; font_container=&#8221;tag:h3|text_align:center&#8221; css=&#8221;&#8221;][vc_custom_heading text=&#8221;Breaking Free from Shame &amp; Anger<br \/>\n(Worthlessness)&#8221; font_container=&#8221;tag:p|text_align:center&#8221; css=&#8221;&#8221;][vc_custom_heading text=&#8221;People aren\u2019t always nice to those of us who grew up on the \u201cwrong side of the tracks\u201d. Pain and rejection from others in my early years put a seed of shame deep inside of me. And as I grew, that seed grew too. I tried to cope by doing things my own way. But my way only led to more destruction \u2014 hurting myself, hurting others. The more I hurt others, the more shame grew, the more convinced I became that I wasn\u2019t worth anything better. It was a vicious cycle. Two divorces. Broken relationships. Broken friendships. Ostracized from my family. Too angry to even step foot in a church. Then one day I just completely broke. I remember sitting on the side of my bed sobbing. I began talking to Jesus. For someone who tended to think I could figure anything out, I had no idea how to fix everything that felt broken. And then\u2026. Jesus.&#8221; font_container=&#8221;tag:p|text_align:left&#8221; css=&#8221;.vc_custom_1763312459918{padding-right: 20px !important;padding-left: 20px !important;}&#8221;][\/vc_column][\/vc_row][vc_row][vc_column][vc_zigzag color=&#8221;purple&#8221; el_border_width=&#8221;8&#8243;][vc_empty_space height=&#8221;60px&#8221;][vc_custom_heading text=&#8221;11.30am \u2013 12.30pm: <strong>Lunch<\/strong>&#8221; font_container=&#8221;tag:h4|text_align:left&#8221; google_fonts=&#8221;font_family:Oswald%3A300%2Cregular%2C700|font_style:400%20regular%3A400%3Anormal&#8221; css=&#8221;.vc_custom_1564766309316{padding-bottom: 20px !important;}&#8221;][vc_custom_heading text=&#8221;12.45pm \u2013 1.45pm: <strong>2nd Session<\/strong>&#8221; font_container=&#8221;tag:h4|text_align:left&#8221; google_fonts=&#8221;font_family:Oswald%3A300%2Cregular%2C700|font_style:400%20regular%3A400%3Anormal&#8221; css=&#8221;.vc_custom_1564766340501{padding-bottom: 20px !important;}&#8221;][vc_row_inner][vc_column_inner][vc_custom_heading text=&#8221;Thanks to our 2026 2nd Session Speakers.&#8221; font_container=&#8221;tag:h2|font_size:25px|text_align:center|color:%238224e3&#8243; google_fonts=&#8221;font_family:Open%20Sans%3A300%2C300italic%2Cregular%2Citalic%2C600%2C600italic%2C700%2C700italic%2C800%2C800italic|font_style:400%20regular%3A400%3Anormal&#8221; css=&#8221;&#8221;][\/vc_column_inner][\/vc_row_inner][\/vc_column][\/vc_row][vc_row equal_height=&#8221;yes&#8221;][vc_column width=&#8221;1\/3&#8243; css=&#8221;.vc_custom_1586131178447{padding-top: 10px !important;padding-right: 10px !important;padding-bottom: 10px !important;padding-left: 10px !important;background-color: #ffffff !important;}&#8221;][vc_single_image image=&#8221;6488&#8243; img_size=&#8221;full&#8221; css=&#8221;&#8221;][vc_custom_heading text=&#8221;Joanna Lluberes&#8221; font_container=&#8221;tag:h3|text_align:center&#8221; css=&#8221;&#8221;][vc_custom_heading text=&#8221;Persiguiendo la fe<br \/>\n(Bombardeada por Fe)&#8221; font_container=&#8221;tag:p|text_align:center&#8221; css=&#8221;&#8221;][vc_custom_heading text=&#8221;Este a\u00f1o marco un antes y un despu\u00e9s en mi fe. Al enfrentarnos con el diagn\u00f3stico de<br \/>\nc\u00e1ncer de nuestro peque\u00f1o hijo. Miles de preguntas y angustias bombardeaban mi mente y coraz\u00f3n. Pero de algo estaba segura, que, aunque yo no entendiera lo que en el momento estaba sucediendo, en definitiva, exist\u00eda un prop\u00f3sito detr\u00e1s de ese diagn\u00f3stico que cambiar\u00eda nuestras vidas. Aprend\u00ed a perseguir la fe, afirmarme m\u00e1s en mi convicci\u00f3n en El, y glorificarlo aun en medio del dolor y la incertidumbre. No s\u00e9 por lo que tu estes pasando el d\u00eda de hoy, pero si igual que yo has sido azotada por una noticia tan dolorosa que a tambaleado tus emociones y toda tu vida y no sabes c\u00f3mo reaccionar o enfrentar la situaci\u00f3n. Esta clase es para ti, te invito a juntas glorificar a Dios a trav\u00e9s del dolor. Porque hay hermosura en el dolor, hay crecimiento y madurez. \u00a1El dolor solo es una temporada la recompensa es eterna!&#8221; font_container=&#8221;tag:p|text_align:left&#8221; css=&#8221;.vc_custom_1763312699437{padding-right: 20px !important;padding-left: 20px !important;}&#8221;][\/vc_column][vc_column width=&#8221;1\/3&#8243; css=&#8221;.vc_custom_1586131239804{margin-right: 10px !important;margin-left: 10px !important;padding-top: 10px !important;padding-right: 10px !important;padding-bottom: 10px !important;padding-left: 10px !important;background-color: #ffffff !important;}&#8221;][vc_single_image image=&#8221;6490&#8243; img_size=&#8221;full&#8221; css=&#8221;&#8221;][vc_custom_heading text=&#8221;Estalee Williams&#8221; font_container=&#8221;tag:h3|text_align:center&#8221; css=&#8221;&#8221;][vc_custom_heading text=&#8221;Hope in His Hands<br \/>\n(Family, Blending, and Healing)&#8221; font_container=&#8221;tag:p|text_align:center&#8221; css=&#8221;&#8221;][vc_custom_heading text=&#8221;I feel called to share my story and encourage other women navigating motherhood, blended families, foster care, or seeking to understand how God uses everyday moments to reveal His divine plan. My prayer is that through my testimony, others will be reminded that God&#8217;s love never fails, His timing is perfect, and His plans for us are filled with hope.&#8221; font_container=&#8221;tag:p|text_align:left&#8221; css=&#8221;.vc_custom_1763312770714{padding-right: 20px !important;padding-left: 20px !important;}&#8221;][\/vc_column][vc_column width=&#8221;1\/3&#8243; css=&#8221;.vc_custom_1586131228392{margin-left: 20px !important;padding-top: 10px !important;padding-right: 10px !important;padding-bottom: 10px !important;padding-left: 10px !important;background-color: #ffffff !important;}&#8221;][vc_single_image image=&#8221;6491&#8243; img_size=&#8221;full&#8221; css=&#8221;&#8221;][vc_custom_heading text=&#8221;Claudia Jauregui&#8221; font_container=&#8221;tag:h3|text_align:center&#8221; css=&#8221;&#8221;][vc_custom_heading text=&#8221;When God Says Enough is Enough<br \/>\n(Emotional and Psychological Abuse)&#8221; font_container=&#8221;tag:p|text_align:center&#8221; css=&#8221;&#8221;][vc_custom_heading text=&#8221;I was married 25 years when I began to make some troubling discoveries about my husband. The patterns were no longer able to be hidden. His relentless pursuit of fame and popularity, often being absent from the home and family, his lack of concern for me and our daughters, the facade he would put on to look like a wonderful person, and the lack of true empathy were too much not to notice. Added to that were the outbursts of self-importance and the ever-present denials of wrong-doing and blame shifting. I couldn\u2019t handle it anymore and I asked him to leave and get professional help. He sought help for a short season, and we stayed together another emotionally draining 11 years. This is the story of a wife trying to make sense of narcissistic personality long<br \/>\nbefore it was a popular and rampant term, and how God ministered truth, comfort and justice.&#8221; font_container=&#8221;tag:p|text_align:left&#8221; css=&#8221;.vc_custom_1763312875226{padding-right: 20px !important;padding-left: 20px !important;}&#8221;][\/vc_column][\/vc_row][vc_row][vc_column][vc_zigzag color=&#8221;purple&#8221; el_border_width=&#8221;8&#8243;][vc_empty_space height=&#8221;60px&#8221;][vc_custom_heading text=&#8221;2.00pm \u2013 4.30pm: <strong>Worship \/ Keynote \/ Closing<\/strong>&#8221; font_container=&#8221;tag:h4|text_align:left&#8221; google_fonts=&#8221;font_family:Oswald%3A300%2Cregular%2C700|font_style:400%20regular%3A400%3Anormal&#8221; css=&#8221;.vc_custom_1564766454262{padding-bottom: 20px !important;}&#8221;][vc_row_inner][vc_column_inner][vc_custom_heading text=&#8221;Thanks to our 2026 Keynote Speaker&#8221; font_container=&#8221;tag:h2|font_size:25px|text_align:center|color:%238224e3&#8243; google_fonts=&#8221;font_family:Open%20Sans%3A300%2C300italic%2Cregular%2Citalic%2C600%2C600italic%2C700%2C700italic%2C800%2C800italic|font_style:400%20regular%3A400%3Anormal&#8221; css=&#8221;&#8221;][\/vc_column_inner][\/vc_row_inner][\/vc_column][\/vc_row][vc_row equal_height=&#8221;yes&#8221;][vc_column width=&#8221;1\/3&#8243;][\/vc_column][vc_column width=&#8221;1\/3&#8243; css=&#8221;.vc_custom_1586131178447{padding-top: 10px !important;padding-right: 10px !important;padding-bottom: 10px !important;padding-left: 10px !important;background-color: #ffffff !important;}&#8221;][vc_single_image image=&#8221;6499&#8243; img_size=&#8221;full&#8221; css=&#8221;&#8221;][vc_custom_heading text=&#8221;Jackie Alves&#8221; font_container=&#8221;tag:h3|text_align:center&#8221; css=&#8221;&#8221;][vc_custom_heading text=&#8221;One Flesh<br \/>\n(For better or WORSE)&#8221; font_container=&#8221;tag:p|text_align:center&#8221; css=&#8221;&#8221;][vc_custom_heading text=&#8221;In \u201cOne Flesh,\u201d Jackie shares the unexpected twists, tragedies and what at the time seemed like curses, but have all become things that contribute to the rhythms that anchor their union: praying and listening to God together, practicing quick forgiveness, communicating with courage and kindness, honoring differences, and protecting sobriety and peace in the home. With heartfelt honesty and biblical hope, she encourages women to seek God\u2019s voice, establish healthy boundaries, and believe for restoration. In the face of doubt and darkness\u2026 Stand.&#8221; font_container=&#8221;tag:p|text_align:left&#8221; css=&#8221;.vc_custom_1763313300418{padding-right: 20px !important;padding-left: 20px !important;}&#8221;][\/vc_column][vc_column width=&#8221;1\/3&#8243;][\/vc_column][\/vc_row][vc_row][vc_column][vc_text_separator title=&#8221;REGISTRATION&#8221; color=&#8221;purple&#8221; style=&#8221;shadow&#8221; border_width=&#8221;7&#8243; css=&#8221;&#8221;][\/vc_column][\/vc_row][vc_row][vc_column][\/vc_column][\/vc_row][vc_row][vc_column][\/vc_column][\/vc_row]\n<\/div>","protected":false},"excerpt":{"rendered":"<p>[vc_row css=&#8221;.vc_custom_1565210691171{padding-bottom: 30px !important;}&#8221;][vc_column][vc_row_inner][vc_column_inner css=&#8221;.vc_custom_1733235640003{background-color: #8224E3 !important;}&#8221;][vc_custom_heading text=&#8221;Venue: Real Life Church 1545 S Ave. C, Yuma, Az 85364&#8243; font_container=&#8221;tag:h2|text_align:center|color:%23FFFFFF&#8221; css=&#8221;&#8221;][\/vc_column_inner][\/vc_row_inner][vc_custom_heading text=&#8221;NOTICE TO ATTENDEES:&#8221; font_container=&#8221;tag:h2|font_size:30px|text_align:center|color:%23000000&#8243; google_fonts=&#8221;font_family:Open%20Sans%3A300%2C300italic%2Cregular%2Citalic%2C600%2C600italic%2C700%2C700italic%2C800%2C800italic|font_style:600%20bold%20italic%3A600%3Aitalic&#8221; css_animation=&#8221;bounceIn&#8221; css=&#8221;&#8221;][vc_custom_heading text=&#8221;If you have special dietary needs please bring what you need.&#8221; font_container=&#8221;tag:h2|font_size:30px|text_align:center&#8221; google_fonts=&#8221;font_family:Open%20Sans%3A300%2C300italic%2Cregular%2Citalic%2C600%2C600italic%2C700%2C700italic%2C800%2C800italic|font_style:400%20regular%3A400%3Anormal&#8221; css=&#8221;&#8221;][vc_zigzag color=&#8221;purple&#8221; el_border_width=&#8221;8&#8243;][\/vc_column][\/vc_row][vc_row][vc_column][vc_custom_heading text=&#8221;8am \u2013 9am: Check in&#8221; font_container=&#8221;tag:h4|text_align:left&#8221; google_fonts=&#8221;font_family:Oswald%3A300%2Cregular%2C700|font_style:400%20regular%3A400%3Anormal&#8221; css=&#8221;.vc_custom_1564766152644{padding-bottom: 20px !important;}&#8221;][vc_custom_heading text=&#8221;9am \u2013 [&hellip;]<\/p>\n","protected":false},"author":10,"featured_media":0,"parent":0,"menu_order":0,"comment_status":"closed","ping_status":"closed","template":"","meta":{"nf_dc_page":"","jetpack_post_was_ever_published":false,"footnotes":""},"class_list":["post-5516","page","type-page","status-publish","hentry"],"jetpack_sharing_enabled":true,"jetpack_shortlink":"https:\/\/wp.me\/PbtH0k-1qY","_links":{"self":[{"href":"https:\/\/yuma.heartsbeinghealed.org\/yuma\/wp-json\/wp\/v2\/pages\/5516","targetHints":{"allow":["GET"]}}],"collection":[{"href":"https:\/\/yuma.heartsbeinghealed.org\/yuma\/wp-json\/wp\/v2\/pages"}],"about":[{"href":"https:\/\/yuma.heartsbeinghealed.org\/yuma\/wp-json\/wp\/v2\/types\/page"}],"author":[{"embeddable":true,"href":"https:\/\/yuma.heartsbeinghealed.org\/yuma\/wp-json\/wp\/v2\/users\/10"}],"replies":[{"embeddable":true,"href":"https:\/\/yuma.heartsbeinghealed.org\/yuma\/wp-json\/wp\/v2\/comments?post=5516"}],"version-history":[{"count":5,"href":"https:\/\/yuma.heartsbeinghealed.org\/yuma\/wp-json\/wp\/v2\/pages\/5516\/revisions"}],"predecessor-version":[{"id":6544,"href":"https:\/\/yuma.heartsbeinghealed.org\/yuma\/wp-json\/wp\/v2\/pages\/5516\/revisions\/6544"}],"wp:attachment":[{"href":"https:\/\/yuma.heartsbeinghealed.org\/yuma\/wp-json\/wp\/v2\/media?parent=5516"}],"curies":[{"name":"wp","href":"https:\/\/api.w.org\/{rel}","templated":true}]}}